
Let k be (-2 + 0)*(-3 - -2). Suppose 5 + 5 = -k*a. Let x = -1 - a. What are the prime factors of x?
2
Suppose -5*x + 2*l + 29 = -0*l, -2*x + 12 = -l. Suppose -q - 8 = -x*q. List the prime factors of q.
2
Let f(g) = -g**2 + 6*g - 3. Let n(r) = r**3 + r - 1. Let i be n(1). Let t(y) = 4*y**3 - 2*y + 1. Let a be t(i). List the prime factors of f(a).
2, 3
Suppose -5*l = -9 - 21. Let n = l - 4. Suppose n*j = -0*j + 18. What are the prime factors of j?
3
Let u be -2*(3/6 + -2). Suppose 2*w = u*j - 0 + 2, 28 = 4*j + 5*w. What are the prime factors of (-3 + 2)/(j/(-14))?
7
Suppose 0 = -5*q + 5*v + 35, 2*q = -2*v - 8 + 2. Suppose -q*g + 37 = -57. What are the prime factors of g?
47
Suppose 3*u - 143 = 5*w, -w + 5*w = 3*u - 115. Suppose -5*z = -z - 8. List the prime factors of 3/((-2)/w*z).
3, 7
Let h(c) = -c**3 + 8*c**2 + 9*c + 4. Let y be h(9). Let i(u) = u**3 - 3*u**2 - 5. List the prime factors of i(y).
11
Let j(q) = 5*q**2 - 2*q - 2. Suppose -2*c - 18 = -4*r, -2*r + 3*r - 2*c = 12. List the prime factors of j(r).
2, 7
Suppose 3*h = -0*h - 15. Let f(o) = o**3 + 4*o**2 - 6*o - 7. Let p be f(h). What are the prime factors of (-2 - p - 1) + 3?
2
Let p(t) = 6*t + 4. Let c(v) = -v**2 + v + 1. Let z(a) = -10*c(a) + 2*p(a). List the prime factors of z(-2).
2, 17
Let y be 6/(-3) + (-1)/(-1). Suppose 5*l - 2*l + 39 = 0. Let d = y - l. List the prime factors of d.
2, 3
Suppose 7*h - 8*h + 13 = 0. List the prime factors of h.
13
Suppose -3*r + 35 = k, -2*r + 2*k = 6*k - 40. Suppose -f = -r - 4. List the prime factors of f.
2, 7
Let z = 12 - -9. Suppose -r - z = -4*r. List the prime factors of r.
7
What are the prime factors of 3/(1*6/(-8))*-54?
2, 3
Suppose 5*v - 4*g - 17 = 0, -g + 2*g - 2 = 0. Suppose -23 = -v*r + 2. What are the prime factors of r?
5
Suppose -1 = -4*f + 15. Suppose 3*x - 25 = -2*x. Suppose -27 = -f*p + x. List the prime factors of p.
2
Let a(q) = -q**3 - 10*q**2 - q - 6. Let g be a(-10). Suppose v + 1 = g. List the prime factors of v.
3
Let x(n) = -n**3 + 4*n**2 + 8*n - 6. Let m(g) = -g - 9. Let u be m(-9). Suppose u = 3*v + 12, 17 = z - 5*v + 2*v. List the prime factors of x(z).
3
Let b = 29 + 17. List the prime factors of b.
2, 23
Suppose -4*r + 105 + 7 = 0. List the prime factors of r.
2, 7
Let k(o) = 2*o + 10. Let i be k(-17). List the prime factors of 3/(-4) + (-690)/i.
2, 7
Let d(b) = -b**2 + 9*b + 7. Let a be d(9). Let u = a - 4. Suppose h - 4*h = z - 26, u*h = -2*z + 40. List the prime factors of z.
2, 7
What are the prime factors of (-2 - -1)/((-6)/186)?
31
Let y = -210 + 150. Let l(v) = -v**3 + 3*v**2 - 2*v - 2. Let s be l(2). What are the prime factors of s/(-8) + y/(-16)?
2
Suppose 3*m - 599 = -5*f - 45, 3*f - m = 338. Suppose -5*k - 4*v + 116 = 0, 2*k - f = -3*k - 3*v. List the prime factors of k.
2, 5
What are the prime factors of 1/((-548)/(-136) + -4)?
2, 17
Suppose -4*k + 2*c = 0, -5*c - 2 = 18. Let a = -12 - k. What are the prime factors of a/55 - 68/(-11)?
2, 3
Let x(c) = c. Suppose 0*i = 2*i - 8. Suppose -7*a + i*a + 18 = 0. List the prime factors of x(a).
2, 3
Suppose -296 - 74 = -2*d. What are the prime factors of d?
5, 37
Let h(u) = u**2 + 5*u + 6. Let r be h(-5). Suppose 9 = 4*c - 2*g - 3, -5*c = 2*g - r. List the prime factors of c.
2
Suppose -2*a - 3*a - 2*m + 10 = 0, -20 = a - 4*m. Suppose 2*d + 4*j = -d - 20, -20 = d - 2*j. Let g = a - d. List the prime factors of g.
2, 3
Let l be 54/(-3) + 1 + 0. Let g = l + 35. List the prime factors of g.
2, 3
Let t be ((-24)/9)/((-2)/(-9)). Let b = 19 - 41. Let c = t - b. What are the prime factors of c?
2, 5
Suppose 0 = 2*m - 4*c - 300, 0 = -4*m + 6*c - c + 588. Suppose -93 = -5*f + 4*w, 3*w = 5*f - m + 46. What are the prime factors of f?
3, 7
Suppose 5*i + 2 = 3*a, 26 = 5*i + 4*a - 0. List the prime factors of i.
2
Suppose 3*d = 2*d + 23. What are the prime factors of d?
23
Let m = -207 + 316. What are the prime factors of m?
109
List the prime factors of 0 + 82 - 4/4.
3
Let u = 2 - 2. Suppose 9*x + 10 = 2*q + 4*x, -3*q + 3*x + 6 = u. Suppose 2*n - 4*b + 6 = 0, 2*n - 9 = -q*n - b. List the prime factors of n.
3
What are the prime factors of -2 + 2 - (-29 - -2)?
3
List the prime factors of -1*(-395 + 7 + -1).
389
Let r = 0 + -2. Let h be r - 14*(-2)/(-4). List the prime factors of (-8)/36 - 56/h.
2, 3
Let s be ((-1)/(-1) + -1)/1. Suppose s = 4*p - n - 160, -4*p + n = -5*p + 45. What are the prime factors of p?
41
Let f(m) = m**3 + 11*m**2 - 6*m + 13. Let d be f(-9). Suppose -64 + d = 5*l. List the prime factors of l.
3, 11
Suppose -5*b = -r + 21, -2*b - 5*r = 3 - 0. Let m = -2 - b. Suppose 2*v = 5*z - 3, -2*v + 27 = m*z + 3*z. What are the prime factors of v?
2, 3
Let r be 1 + 3*4/(-4). Let h = r - -9. List the prime factors of h.
7
Let z(t) = 13*t**2 + 4*t - 1. What are the prime factors of z(3)?
2
Suppose -2*x - 18 = -z, 0*z - 2*z = 5*x - 27. Let s = z + -28. List the prime factors of s/((-4)/((-8)/(-3))).
2
Let f(d) = d**3 + 10*d**2 + 9*d + 12. Let m be f(-9). Let h be (21/m)/1*-4. Let c = h + 17. What are the prime factors of c?
2, 5
Let x(a) = -14*a + 1. Let t be x(-7). Suppose 0 = -5*s - 29 + t. List the prime factors of s.
2, 7
What are the prime factors of ((-24)/(-9))/(-4)*(-2988)/24?
83
Let n be 5 - 2 - (-2)/(-2). Suppose -6 = n*q - 24. What are the prime factors of (4/(-6))/((-3)/q)?
2
Suppose -5*k - 23 = 7. Let r = k - -11. Suppose 1 = r*g - 4*g, -3*b + 16 = -5*g. What are the prime factors of b?
7
Let i be (7 + (0 - 0))/1. Let u(s) = s + 9. Let b be u(i). What are the prime factors of (b/(-6))/(2/(-3))?
2
Let a = 5 - 1. Suppose a = n + 2*k, 2*k - 5 - 35 = -4*n. Let o = n - 1. What are the prime factors of o?
11
Let g be (-3)/(-1) + -1 + 0. Suppose -g*d = -d. Suppose d*b = b - 16. What are the prime factors of b?
2
Let m be (-132)/(-20) + 2/5. Let p(h) = -h + 7. Let q be p(m). What are the prime factors of (q - 2)*3/(-1)?
2, 3
Suppose -2 = -p - 13. Let n = -26 - p. List the prime factors of (n/(-6))/((-1)/(-2)).
5
Suppose -3*q - 1506 = -5*n, 8*n - 6*n = 3*q + 606. List the prime factors of n.
2, 3, 5
Suppose 0 = 4*r - 3 - 5. Suppose r*b = 4*b - 62. What are the prime factors of b?
31
Suppose -x = 4*k - 2*x - 19, 2*k + 4*x = 14. Suppose k*c = 3*g - 2 + 17, c + 5*g = 31. What are the prime factors of c?
2, 3
Let x(b) be the third derivative of b**6/120 + b**5/10 + b**4/6 - b**3/2 - b**2. What are the prime factors of x(-4)?
13
Suppose -6*b + 2*b = -136. What are the prime factors of b?
2, 17
Let n(y) = 27*y + 4. Let u(k) = -k - 1. Let g(b) = n(b) + 6*u(b). What are the prime factors of g(1)?
19
Let r(p) = -p**3 + 2*p**2 + 4*p + 1. List the prime factors of r(-4).
3
Let u(k) = -3*k**2 - 20*k + 6. What are the prime factors of u(-5)?
31
Let b(s) = 2*s**2 - 6. Let w be b(7). Suppose 4*x = -4 + w. What are the prime factors of x?
2, 11
Suppose 5*x = -5, u - 2 + 0 = -x. Suppose 2*s + 4 = 0, u*i - 2*s - 9 = -5*s. What are the prime factors of i?
5
Suppose 3*h - 5*v - 62 + 274 = 0, h - 3*v = -68. Let t = h - -104. What are the prime factors of t?
2, 3, 5
Let v = 113 + -54. What are the prime factors of v?
59
Suppose g - 4*j + 6 = -0*j, 5*g = 5*j. Suppose g*m + 2*z = 7 - 1, m - 2*z - 15 = 0. What are the prime factors of m?
7
Suppose -2*q + 2 = 5*d - 21, 15 = 4*d + 5*q. Suppose 7 = w + d*n + 20, 5*w - 5*n = 55. What are the prime factors of w?
7
Suppose 2*d - 11 - 1 = 0. What are the prime factors of 465/9 - 4/d?
3, 17
Suppose 3*i - 8 = -2. Let x be ((-9)/i)/(1/(-2)). List the prime factors of (x - -2)/(0 + 1).
11
Let a = 312 + -216. List the prime factors of a.
2, 3
Let q = 57 + 2. List the prime factors of q.
59
Let g(z) = z**3 - 2*z**2 + 5. Let n = 5 - 5. What are the prime factors of g(n)?
5
Suppose -2*c + 0*c = -48. List the prime factors of c.
2, 3
List the prime factors of 4/8 - (-74)/4.
19
Suppose 0 = 2*h + 5*s - 155, 3*h - 188 = s + 2. What are the prime factors of h?
5, 13
Let s(u) = -u**3 + 6*u**2 + 14*u + 4. What are the prime factors of s(6)?
2, 11
Let v(j) = -10*j + 10. What are the prime factors of v(-4)?
2, 5
List the prime factors of (-26)/(-1) - 33/(-11).
29
What are the prime factors of 20 + -20 - 80/(-2)?
2, 5
Suppose 0*f - 2*f = -10, 0 = -2*t - 5*f + 39. Suppose -4*s = -5*s + t. What are the prime factors of s?
7
Let m = 9 + -5. What are the prime